{"id":580,"date":"2021-05-31T03:18:31","date_gmt":"2021-05-31T08:18:31","guid":{"rendered":"https:\/\/akc.com.co\/web\/?page_id=580"},"modified":"2025-09-24T20:18:06","modified_gmt":"2025-09-25T01:18:06","slug":"responsabilidad-social-empresarial","status":"publish","type":"page","link":"https:\/\/akc.com.co\/web\/responsabilidad-social-empresarial\/","title":{"rendered":"D.R.S"},"content":{"rendered":"<div id=\"cs-content\" class=\"cs-content\"  >\n<div class=\"e580-1 x-section\">\n      \n<div class=\"e580-2 x-row x-container max width\">\n    <div class=\"x-row-inner\">\n<div class=\"e580-3 x-col\">\n    <h2  class=\"h-custom-headline cs-ta-center h3\" ><span>D.R.S<\/span><\/h2>  <\/div>\n<\/div>\n  <\/div>\n    <\/div>\n\n<div class=\"e580-5 x-section\">\n      \n<div class=\"e580-6 x-row x-container max width\">\n    <div class=\"x-row-inner\">\n<div class=\"e580-7 x-col\">\n    \n<div class=\"e580-8 x-text\">\n  <p style=\"text-align: left;\"><strong>AGUAS KPITAL C\u00daCUTA, EMPRESA SOCIALMENTE RESPONSABLE<\/strong><\/p><\/div>\n\n<span class=\"e580-9 x-image\">\n  <img src=\"https:\/\/akc.com.co\/web\/wp-content\/uploads\/2021\/05\/Imagen1.jpg\" width=\"348\" height=\"256\" alt=\"Image\" loading=\"lazy\">\n<\/span>\n\n<div class=\"e580-10 x-text\">\n  <p style=\"text-align: left;\"><strong>PROGRAMAS DE RESPONSABILIDAD SOCIAL<\/strong><\/p>\n<p style=\"text-align: left;\"><strong><span lang=\"ES-TRAD\">En Aguas Kpital C\u00facuta, existen programas que m\u00e1s all\u00e1 del compromiso con nuestro contrato, son programas que nos nacen del coraz\u00f3n.<\/span><\/strong><\/p><\/div>\n\n<hr class=\"e580-11 x-line\"\/>\n\n<hr class=\"e580-12 x-line\">\n  <\/div>\n\n<div class=\"e580-13 x-col\">\n      <\/div>\n<\/div>\n  <\/div>\n\n<div class=\"e580-14 x-row x-container max width\">\n    <div class=\"x-row-inner\">\n<div class=\"e580-15 x-col\">\n    \n<hr class=\"e580-16 x-line\"\/>\n\n<hr class=\"e580-17 x-line\">\n\n<div class=\"e580-18 x-frame x-frame-video-embed\">\n  <div class=\"x-frame-inner\">\n    <div class=\"e580-18 x-video x-video-embed\"><iframe src=\"https:\/\/akc.com.co\/web\/wp-content\/uploads\/2025\/04\/NUEVA-RSE-3.pdf\" width=\"994\" height=\"559\" frameborder=\"0\">\n    Tu navegador no permite visualizar PDFs. Puedes descargar el documento \n    <a href=\"https:\/\/akc.com.co\/web\/wp-content\/uploads\/2025\/04\/NUEVA-RSE-3.pdf\" target=\"_blank\">aqu\u00ed<\/a>.\n<\/iframe><\/div>  <\/div>\n<\/div>\n  <\/div>\n\n<div class=\"e580-19 x-col\">\n      <\/div>\n<\/div>\n  <\/div>\n\n<div class=\"e580-20 x-row x-container max width\">\n    <div class=\"x-row-inner\">\n<div class=\"e580-21 x-col\">\n    \n<hr class=\"e580-22 x-line\"\/>\n\n<hr class=\"e580-23 x-line\">\n\n<span class=\"e580-24 x-image\">\n  <img src=\"\" alt=\"Image\">\n<\/span>\n\n<span class=\"e580-25 x-image\">\n  <img src=\"https:\/\/akc.com.co\/web\/wp-content\/uploads\/2025\/09\/WhatsApp-Image-2025-09-24-at-8.16.20-PM.jpeg\" width=\"1600\" height=\"1473\" alt=\"Image\" loading=\"lazy\">\n<\/span>\n\n<hr class=\"e580-26 x-line\">\n\n<span class=\"e580-27 x-image\">\n  <img src=\"https:\/\/akc.com.co\/web\/wp-content\/uploads\/2021\/05\/WhatsApp-Image-2020-04-07-at-2.56.30-PM.jpeg\" width=\"1201\" height=\"1201\" alt=\"Image\" loading=\"lazy\">\n<\/span>\n  <\/div>\n\n<div class=\"e580-28 x-col\">\n      <\/div>\n<\/div>\n  <\/div>\n\n<div class=\"e580-29 x-row x-container max width\">\n    <div class=\"x-row-inner\">\n<div class=\"e580-30 x-col\">\n    \n<hr class=\"e580-31 x-line\"\/>\n  <\/div>\n<\/div>\n  <\/div>\n\n<div class=\"e580-32 x-row x-container max width\">\n    <div class=\"x-row-inner\">\n<div class=\"e580-33 x-col\">\n    \n<hr class=\"e580-34 x-line\"\/>\n  <\/div>\n<\/div>\n  <\/div>\n\n<div class=\"e580-35 x-row x-container max width\">\n    <div class=\"x-row-inner\">\n<div class=\"e580-36 x-col\">\n    \n<div class=\"e580-37 x-frame x-frame-video-embed\">\n  <div class=\"x-frame-inner\">\n    <div class=\"e580-37 x-video x-video-embed\"><iframe width=\"994\" height=\"559\" src=\"https:\/\/www.youtube.com\/embed\/JUWaTCKI8EA\" title=\"\ud835\udc68\ud835\udc73\ud835\udc7b\ud835\udc76 \ud835\udc79\ud835\udc68\ud835\udc7b\ud835\udc70\ud835\udc75\ud835\udc6e \ud835\udc6b\ud835\udc6c \ud835\udc6a\ud835\udc68\ud835\udc73\ud835\udc70\ud835\udc6d\ud835\udc70\ud835\udc6a\ud835\udc68\ud835\udc6a\ud835\udc70\ud835\udc76\ud835\udc75 \ud835\udc77\ud835\udc68\ud835\udc79\ud835\udc68 \ud835\udc68\ud835\udc6e\ud835\udc7c\ud835\udc68\ud835\udc7a \ud835\udc72\ud835\udc77\ud835\udc70\ud835\udc7b\ud835\udc68\ud835\udc73 \ud835\udc6a\u00da\ud835\udc6a\ud835\udc7c\ud835\udc7b\ud835\udc68 \ud835\udc6c\ud835\udc75 \ud835\udc6c\ud835\udc7d\ud835\udc68\ud835\udc73\ud835\udc7c\ud835\udc68\ud835\udc6a\ud835\udc70\u00d3\ud835\udc75 \ud835\udc70\ud835\udc75\ud835\udc7b\ud835\udc6c\ud835\udc79\ud835\udc75\ud835\udc68\ud835\udc6a\ud835\udc70\ud835\udc76\ud835\udc75\ud835\udc68\ud835\udc73.\" frameborder=\"0\" allow=\"accelerometer; autoplay; clipboard-write; encrypted-media; gyroscope; picture-in-picture; web-share\" allowfullscreen><\/iframe><\/div>  <\/div>\n<\/div>\n  <\/div>\n<\/div>\n  <\/div>\n\n<div class=\"e580-38 x-row x-container max width\">\n    <div class=\"x-row-inner\">\n<div class=\"e580-39 x-col\">\n    \n<hr class=\"e580-40 x-line\"\/>\n  <\/div>\n<\/div>\n  <\/div>\n\n<div class=\"e580-41 x-row x-container max width\">\n    <div class=\"x-row-inner\">\n<div class=\"e580-42 x-col\">\n      <\/div>\n<\/div>\n  <\/div>\n    <\/div>\n<\/div>\n","protected":false},"excerpt":{"rendered":"<p>D.R.S AGUAS KPITAL C\u00daCUTA, EMPRESA SOCIALMENTE RESPONSABLE PROGRAMAS DE RESPONSABILIDAD SOCIAL En Aguas Kpital C\u00facuta, existen programas que m\u00e1s all\u00e1 del compromiso con nuestro contrato, son programas que nos nacen &#8230; <\/p>\n<div><a href=\"https:\/\/akc.com.co\/web\/responsabilidad-social-empresarial\/\" class=\"more-link\">Read More<\/a><\/div>\n","protected":false},"author":1,"featured_media":0,"parent":0,"menu_order":0,"comment_status":"open","ping_status":"closed","template":"template-blank-4.php","meta":{"ngg_post_thumbnail":0},"_links":{"self":[{"href":"https:\/\/akc.com.co\/web\/wp-json\/wp\/v2\/pages\/580"}],"collection":[{"href":"https:\/\/akc.com.co\/web\/wp-json\/wp\/v2\/pages"}],"about":[{"href":"https:\/\/akc.com.co\/web\/wp-json\/wp\/v2\/types\/page"}],"author":[{"embeddable":true,"href":"https:\/\/akc.com.co\/web\/wp-json\/wp\/v2\/users\/1"}],"replies":[{"embeddable":true,"href":"https:\/\/akc.com.co\/web\/wp-json\/wp\/v2\/comments?post=580"}],"version-history":[{"count":31,"href":"https:\/\/akc.com.co\/web\/wp-json\/wp\/v2\/pages\/580\/revisions"}],"predecessor-version":[{"id":3330,"href":"https:\/\/akc.com.co\/web\/wp-json\/wp\/v2\/pages\/580\/revisions\/3330"}],"wp:attachment":[{"href":"https:\/\/akc.com.co\/web\/wp-json\/wp\/v2\/media?parent=580"}],"curies":[{"name":"wp","href":"https:\/\/api.w.org\/{rel}","templated":true}]}}